{"id":159,"date":"2019-02-24T11:03:50","date_gmt":"2019-02-24T11:03:50","guid":{"rendered":"https:\/\/autoescuelaselcruce.net\/?page_id=159-old"},"modified":"2023-01-27T19:25:48","modified_gmt":"2023-01-27T19:25:48","slug":"benidorm-beniarda","status":"publish","type":"page","link":"https:\/\/autoescuelaselcruce.net\/index.php\/benidorm-beniarda\/","title":{"rendered":"Benidorm (Avda. Beniard\u00e1)"},"content":{"rendered":"\r\n<div class=\"wp-block-columns has-2-columns is-layout-flex wp-container-core-columns-is-layout-9d6595d7 wp-block-columns-is-layout-flex\">\r\n<div class=\"wp-block-column is-layout-flow wp-block-column-is-layout-flow\">\r\n<h4 class=\"wp-block-heading\">Direcci\u00f3n e informaci\u00f3n:<\/h4>\r\n\r\n\r\n\r\n<p>Avda. Beniard\u00e1, 16, 03502 Benidorm<\/p>\r\n\r\n\r\n\r\n<p>965 86 60 26- \u00a0637 80 93 42<\/p>\r\n\r\n\r\n\r\n<p><a href=\"mailto:elcruce03@gmail.com\" target=\"_blank\" rel=\"noopener noreferrer\">elcruce03@gmail.com<\/a><\/p>\r\n\r\n\r\n\r\n<p>Si lo desea, tambi\u00e9n puede contactar con nosotros haciendo click\u00a0<a href=\"https:\/\/autoescuelaselcruce.net\/index.php\/contact-form\/\">aqu\u00ed<\/a>.<\/p>\r\n<\/div>\r\n\r\n\r\n\r\n<div class=\"wp-block-column is-layout-flow wp-block-column-is-layout-flow\">\r\n<h4 class=\"wp-block-heading\">Horarios<\/h4>\r\n\r\n\r\n\r\n<p>Abierto de lunes a viernes, en <strong>horario de ma\u00f1ana y tarde<\/strong>. \u00a1Preg\u00fantanos por el horario!<\/p>\r\n\r\n\r\n\r\n<p>S\u00e1bados, domingos y festivos cerrado.<\/p>\r\n\r\n\r\n<\/div>\r\n<\/div>\r\n\r\n\r\n<hr class=\"wp-block-separator\" \/>\r\n\r\n\r\n<h3 class=\"wp-block-heading\">Clases Te\u00f3ricas<\/h3>\r\n\r\n\r\n\r\n<p>Todos los d\u00edas por la tarde. \u00a1Preg\u00fantanos! Tel.: <strong><span style=\"font-size: 24pt;\">965 86 60 26<\/span><\/strong><\/p>\r\n\r\n\r\n<hr class=\"wp-block-separator\" \/>\r\n\r\n\r\n<h3 class=\"wp-block-heading\">Galer\u00eda de Fotos:\u00a0\u00a0<\/h3>\r\n<h3><img loading=\"lazy\" decoding=\"async\" class=\"wp-image-162 alignleft\" src=\"https:\/\/autoescuelaselcruce.net\/wp-content\/uploads\/2019\/02\/interior3-1.jpg\" alt=\"\" width=\"340\" height=\"197\" srcset=\"https:\/\/autoescuelaselcruce.net\/wp-content\/uploads\/2019\/02\/interior3-1.jpg 950w, https:\/\/autoescuelaselcruce.net\/wp-content\/uploads\/2019\/02\/interior3-1-600x347.jpg 600w, https:\/\/autoescuelaselcruce.net\/wp-content\/uploads\/2019\/02\/interior3-1-300x174.jpg 300w, https:\/\/autoescuelaselcruce.net\/wp-content\/uploads\/2019\/02\/interior3-1-768x445.jpg 768w\" sizes=\"auto, (max-width: 340px) 100vw, 340px\" \/><img loading=\"lazy\" decoding=\"async\" class=\"wp-image-161 alignleft\" src=\"https:\/\/autoescuelaselcruce.net\/wp-content\/uploads\/2019\/02\/interior2-1.jpg\" alt=\"\" width=\"337\" height=\"195\" srcset=\"https:\/\/autoescuelaselcruce.net\/wp-content\/uploads\/2019\/02\/interior2-1.jpg 950w, https:\/\/autoescuelaselcruce.net\/wp-content\/uploads\/2019\/02\/interior2-1-600x347.jpg 600w, https:\/\/autoescuelaselcruce.net\/wp-content\/uploads\/2019\/02\/interior2-1-300x174.jpg 300w, https:\/\/autoescuelaselcruce.net\/wp-content\/uploads\/2019\/02\/interior2-1-768x445.jpg 768w\" sizes=\"auto, (max-width: 337px) 100vw, 337px\" \/><img loading=\"lazy\" decoding=\"async\" class=\"wp-image-2136 alignleft\" src=\"https:\/\/autoescuelaselcruce.net\/wp-content\/uploads\/2019\/02\/cropped-exterior1-2.jpg\" alt=\"\" width=\"306\" height=\"192\" srcset=\"https:\/\/autoescuelaselcruce.net\/wp-content\/uploads\/2019\/02\/cropped-exterior1-2.jpg 627w, https:\/\/autoescuelaselcruce.net\/wp-content\/uploads\/2019\/02\/cropped-exterior1-2-600x376.jpg 600w\" sizes=\"auto, (max-width: 306px) 100vw, 306px\" \/><\/h3>\r\n\r\n\r\n<!-- \/wp:post-content -->","protected":false},"excerpt":{"rendered":"<p>Direcci\u00f3n e informaci\u00f3n: Avda. Beniard\u00e1, 16, 03502 Benidorm 965 86 60 26- \u00a0637 80 93 42 elcruce03@gmail.com Si lo desea, tambi\u00e9n puede contactar con nosotros haciendo click\u00a0aqu\u00ed. Horarios Abierto de lunes a viernes, en horario de ma\u00f1ana y tarde. \u00a1Preg\u00fantanos por el horario! S\u00e1bados, domingos y festivos cerrado. Clases Te\u00f3ricas Todos los d\u00edas por la [&hellip;]<\/p>\n","protected":false},"author":1,"featured_media":0,"parent":0,"menu_order":0,"comment_status":"closed","ping_status":"closed","template":"","meta":{"om_disable_all_campaigns":false,"_monsterinsights_skip_tracking":false,"footnotes":""},"class_list":["post-159","page","type-page","status-publish","hentry"],"aioseo_notices":[],"_links":{"self":[{"href":"https:\/\/autoescuelaselcruce.net\/index.php\/wp-json\/wp\/v2\/pages\/159","targetHints":{"allow":["GET"]}}],"collection":[{"href":"https:\/\/autoescuelaselcruce.net\/index.php\/wp-json\/wp\/v2\/pages"}],"about":[{"href":"https:\/\/autoescuelaselcruce.net\/index.php\/wp-json\/wp\/v2\/types\/page"}],"author":[{"embeddable":true,"href":"https:\/\/autoescuelaselcruce.net\/index.php\/wp-json\/wp\/v2\/users\/1"}],"replies":[{"embeddable":true,"href":"https:\/\/autoescuelaselcruce.net\/index.php\/wp-json\/wp\/v2\/comments?post=159"}],"version-history":[{"count":36,"href":"https:\/\/autoescuelaselcruce.net\/index.php\/wp-json\/wp\/v2\/pages\/159\/revisions"}],"predecessor-version":[{"id":2276,"href":"https:\/\/autoescuelaselcruce.net\/index.php\/wp-json\/wp\/v2\/pages\/159\/revisions\/2276"}],"wp:attachment":[{"href":"https:\/\/autoescuelaselcruce.net\/index.php\/wp-json\/wp\/v2\/media?parent=159"}],"curies":[{"name":"wp","href":"https:\/\/api.w.org\/{rel}","templated":true}]}}

Benidorm (Avda. Beniardá)

<div class="wp-block-columns has-2-columns is-layout-flex wp-container-core-columns-is-layout-9d6595d7 wp-block-columns-is-layout-flex">
<div class="wp-block-column is-layout-flow wp-block-column-is-layout-flow">
<h4 class="wp-block-heading">Dirección e información:</h4>



<p>Avda. Beniardá, 16, 03502 Benidorm</p>



<p>965 86 60 26-  637 80 93 42</p>



<p><a href="mailto:elcruce03@gmail.com" target="_blank" rel="noopener noreferrer">elcruce03@gmail.com</a></p>



<p>Si lo desea, también puede contactar con nosotros haciendo click <a href="https://autoescuelaselcruce.net/index.php/contact-form/">aquí</a>.</p>
</div>



<div class="wp-block-column is-layout-flow wp-block-column-is-layout-flow">
<h4 class="wp-block-heading">Horarios</h4>



<p>Abierto de lunes a viernes, en <strong>horario de mañana y tarde</strong>. ¡Pregúntanos por el horario!</p>



<p>Sábados, domingos y festivos cerrado.</p>


</div>
</div>


<hr class="wp-block-separator" />


<h3 class="wp-block-heading">Clases Teóricas</h3>



<p>Todos los días por la tarde. ¡Pregúntanos! Tel.: <strong><span style="font-size: 24pt;">965 86 60 26</span></strong></p>


<hr class="wp-block-separator" />


<h3 class="wp-block-heading">Galería de Fotos:  </h3>
<h3><img loading="lazy" decoding="async" class="wp-image-162 alignleft" src="https://autoescuelaselcruce.net/wp-content/uploads/2019/02/interior3-1.jpg" alt="" width="340" height="197" srcset="https://autoescuelaselcruce.net/wp-content/uploads/2019/02/interior3-1.jpg 950w, https://autoescuelaselcruce.net/wp-content/uploads/2019/02/interior3-1-600x347.jpg 600w, https://autoescuelaselcruce.net/wp-content/uploads/2019/02/interior3-1-300x174.jpg 300w, https://autoescuelaselcruce.net/wp-content/uploads/2019/02/interior3-1-768x445.jpg 768w" sizes="auto, (max-width: 340px) 100vw, 340px" /><img loading="lazy" decoding="async" class="wp-image-161 alignleft" src="https://autoescuelaselcruce.net/wp-content/uploads/2019/02/interior2-1.jpg" alt="" width="337" height="195" srcset="https://autoescuelaselcruce.net/wp-content/uploads/2019/02/interior2-1.jpg 950w, https://autoescuelaselcruce.net/wp-content/uploads/2019/02/interior2-1-600x347.jpg 600w, https://autoescuelaselcruce.net/wp-content/uploads/2019/02/interior2-1-300x174.jpg 300w, https://autoescuelaselcruce.net/wp-content/uploads/2019/02/interior2-1-768x445.jpg 768w" sizes="auto, (max-width: 337px) 100vw, 337px" /><img loading="lazy" decoding="async" class="wp-image-2136 alignleft" src="https://autoescuelaselcruce.net/wp-content/uploads/2019/02/cropped-exterior1-2.jpg" alt="" width="306" height="192" srcset="https://autoescuelaselcruce.net/wp-content/uploads/2019/02/cropped-exterior1-2.jpg 627w, https://autoescuelaselcruce.net/wp-content/uploads/2019/02/cropped-exterior1-2-600x376.jpg 600w" sizes="auto, (max-width: 306px) 100vw, 306px" /></h3>


<!-- /wp:post-content -->

<p>Dirección e información: Avda. Beniardá, 16, 03502 Benidorm 965 86 60 26-  637 80 93 42 elcruce03@gmail.com Si lo desea, también puede contactar con nosotros haciendo click aquí. Horarios Abierto de lunes a viernes, en horario de mañana y tarde. ¡Pregúntanos por el horario! Sábados, domingos y festivos cerrado. Clases Teóricas Todos los días por la [&hellip;]</p>
